t v = 47 + j. What is the remainder when v is divided by w?
15
Let q(h) = 18*h - 77. What is the remainder when 118 is divided by q(5)?
1
Let s be 4/(-24) + (-19)/(-6). Suppose -4*x = s*x - 28. Suppose 3*z = 2*k + 88 + 28, x*z - 3*k = 156. Calculate the remainder when 69 is divided by z.
33
Let i = -76 - -111. Let r = 4 + i. What is the remainder when r is divided by 10?
9
Suppose 17*z = 3*z + 686. What is the remainder when 95 is divided by z?
46
Let o(x) = 2*x - 8. Let i be o(6). Suppose 0 = -i*f - 3*f + 259. What is the remainder when f is divided by 19?
18
Let k(y) = -y**3 + 6*y**2 + 3*y + 6. Let j(w) = -68*w**2 + 3402*w - 91. What is the remainder when k(6) is divided by j(50)?
6
Suppose -9*d - 44 = -5*d. Let v = d - -19. What is the remainder when 38 is divided by v?
6
Let i be (-3 - -1) + (-8)/(-4). Suppose i = -16*l + 18*l - 46. Calculate the remainder when l is divided by 12.
11
Let n be (-4)/(24/(-9))*2. Suppose -n*p + 5 = -13. What is the remainder when p is divided by 1?
0
Suppose -5*v + 4*r + 157 = 0, 5*v + 3*r - 131 - 5 = 0. Suppose 5*x + 27 = 4*b + 4*x, -9 = -2*b - x. What is the remainder when v is divided by b?
5
Suppose -37*c + 192 = -34*c. Suppose -x - 2*s = -5 - 10, 0 = -5*x + s + c. Calculate the remainder when 49 is divided by x.
10
Suppose -y + 4*l + 15 = 0, 0 = -5*y - 2*l + 6*l + 139. Let z = y + -26. What is the remainder when z is divided by (-85)/(-20) - (-2)/(-8)?
1
Let d be 40 - -2*3/2. Let j = -35 + d. Suppose -88 = -2*n - 2*n. What is the remainder when n is divided by j?
6
Suppose 18 = -5*s + 23. What is the remainder when 7 is divided by s?
0
What is the remainder when ((-36)/(-8))/(-9)*-482 is divided by 27?
25
Let r(l) = l**3 - 54*l**2 + 54*l + 194. What is the remainder when r(53) is divided by 32?
23
Let z(g) be the third derivative of -g**6/120 + g**5/10 - 3*g**4/8 + 4*g**3/3 + 40*g**2. What is the remainder when 18 is divided by z(4)?
2
Suppose -m + 3*m - 8 = 0. Suppose 3*g + m*r = -r + 27, 5*g - 67 = -r. What is the remainder when 69 is divided by g?
13
Let f(u) = -9*u + 172. Let w(j) = -j**2 - 5*j + 4. Let v be 1/2 + (-22)/4. What is the remainder when w(v) is divided by f(19)?
0
Suppose -12*a + 132 - 12 = 0. Let i = -35 + 54. Calculate the remainder when i is divided by a.
9
Let m(z) = -z**3 + z**2 + 1. Let i(f) = -f**2 - 6*f + 8. Let c be i(-7). Let l be m(c). Let q = l - -11. Calculate the remainder when 45 is divided by q.
9
Let f be (-3*244/36)/(1/(-3)). Suppose 0 = -3*l + 6, 0*p - p + 3*l = -f. What is the remainder when p is divided by 14?
11
Suppose -5*v = 4*y - 43, -13*v - 2 = -11*v. Calculate the remainder when 598 is divided by y.
10
Let o(q) = 10*q**2 - 1. What is the remainder when 49 is divided by o(-2)?
10
Suppose 3*p + 38 - 335 = 0. Suppose -3*u + p - 462 = -4*y, 256 = 3*y + u. Calculate the remainder when y is divided by 15.
12
Let w = 149 + -237. Calculate the remainder when 86 is divided by 1 - (1 - w/(-4)).
20
Calculate the remainder when 1*76 - (3 - 5) is divided by -5 + 4 + (-2 - -22) + 1.
18
Suppose -24*v + 17*v = -714. Suppose -4*r + v = 2*x + r, 4*x = -r + 240. What is the remainder when x is divided by 8?
5
Suppose 5*f - m + 550 = 4*m, 220 = -2*f + 5*m. Let r = 192 + f. What is the remainder when r is divided by 17?
14
Suppose 43*j = 41*j + 156. Let h = j + -77. Calculate the remainder when h is divided by 1.
0
Suppose -4*n + 2*l - 13 = -3, 4*l + 2 = -3*n. Let j be (-5)/(-10)*(0 + n). Let f(z) = -29*z**3 + 2*z + 1. What is the remainder when 82 is divided by f(j)?
26
Let y = 5 - -24. Let d(v) be the third derivative of -85*v**4/24 - v**3/6 - 10*v**2. What is the remainder when d(-1) is divided by y?
26
Let w = -12 - -26. Let f(o) = -2*o**3 + 15*o**2 - 2*o - 1. Calculate the remainder when f(7) is divided by w.
6
Let u = 21 - 3. Calculate the remainder when (426/9)/(32/48) is divided by u.
17
Suppose 0 = -s - 2*z + 690 - 228, s + 5*z = 465. What is the remainder when s is divided by 21?
19
What is the remainder when 77 is divided by 18/(-30) - (-5)/((-25)/(-138))?
23
Suppose 4*m - 2*m = 88. Let b = 601 + -586. Calculate the remainder when m is divided by b.
14
Suppose -30*u - 164 = -26*u. Let p = u + 47. Calculate the remainder when 14 is divided by p.
2
Let c be 1/(4 - 171/42). Let u = 23 + c. What is the remainder when (0 - u)/((-3)/9) is divided by 7?
6
Suppose 4*k = -2*q + 7*q + 38, 20 = k + 4*q. Let c = 4847 + -4800. Calculate the remainder when c is divided by k.
11
Let v be ((-1)/(-1))/(1/8). Let m(q) = -q + 14. Calculate the remainder when m(v) is divided by 1.
0
Let r(d) = d**3 + 34*d**2 - 36*d + 84. What is the remainder when r(-35) is divided by 14?
7
Let x(n) = 7*n**2 - 3. Let k be x(5). Suppose -79 = -p - 3*f, -2*p - p + 4*f = -k. Calculate the remainder when 2/(-2)*(-6 - p) is divided by 18.
16
Let v be 0 - -4 - (3 + -1). Suppose -3*n + 84 = -51. Suppose -v*f = f - n. Calculate the remainder when 57 is divided by f.
12
Suppose a + 1 = 5. Let d(g) = 9*g - 12. Let p be d(13). Suppose -p = -3*u - 3*x, -a*u = x + 7 - 132. What is the remainder when 87 is divided by u?
27
Suppose -4*i - 2*p + 8 = 2*p, 2*i = 5*p + 39. Calculate the remainder when 86 is divided by i.
2
Let r be 12/((-6)/2) + 17. Let x = 23 - r. What is the remainder when 49 is divided by x?
9
Suppose -2*m + 2 = -3*n - 8, 0 = -4*n - 8. Suppose -4*y + 147 = d, -51 = -y - 3*d - m*d. Calculate the remainder when 143 is divided by y.
35
Suppose 3*s = 2*y, 0 = y + 6*s - 3*s - 18. Suppose y*w - 174 = -0*w. What is the remainder when 55 is divided by w?
26
Suppose 0*n + 2187 = 3*n. What is the remainder when n is divided by 61?
58
Let g be (6/(-5))/(3/(-5)). Let t = 23 - g. Calculate the remainder when (-9)/15 - (-1218)/30 is divided by t.
19
Suppose 6 + 6 = 2*p. What is the remainder when 7 + 48 + 2 + -5 is divided by p?
4
Suppose 0 = -14*c + 15*c + 5, 0 = -5*u - 2*c + 625. Calculate the remainder when u is divided by 64.
63
Suppose 3*r + 197 = 4*b, 3*r - 3 = 5*b - 247. Suppose 5*d - b = 4*d. What is the remainder when 93 is divided by d?
46
Let a = -739 + 786. What is the remainder when a is divided by 4?
3
Let u = 19 + -14. Suppose -u*l + 5*w + 0*w = 10, 12 = 4*l + w. Suppose 3*g - l*g = 91. What is the remainder when g is divided by 31?
29
Let i be 7/(3*3/18). Suppose i = 3*a + 11. What is the remainder when 71 is divided by a + -3 + 5 - -15?
17
Let m(d) = 3*d**2 + 4*d - 4. What is the remainder when 90 is divided by m(2)?
10
Suppose -76 = -19*x + 15*x + 2*l, 2*x = 3*l + 26. Suppose 0 = -3*u + 171 - 42. What is the remainder when u is divided by x?
21
Let l(z) = 68*z**2 + 2 - 67*z**2 + 0 + 7*z. Let p be l(-7). Suppose -o + 22 = 2*h - p*o, -5*o = 20. Calculate the remainder when h is divided by 5.
4
Suppose -w + y = -341, 3*w + 0*y - y = 1013. Suppose -f - 7*m + 3*m - 340 = 0, 3*m + w = -f. What is the remainder when 14 is divided by f/(-48) - 6/8?
2
Let y(a) = 2*a**2 - 53*a - 2. What is the remainder when y(29) is divided by 39?
26
Let z(u) = -u**3 - 2*u**2 - 9*u - 17. Calculate the remainder when 59 is divided by z(-3).
2
Let f(d) = 6*d**2 - d + 1. Let o(g) = 2*g - 2*g**2 - 8*g**2 - 33 - 8*g**2 + 19*g**2. What is the remainder when f(-2) is divided by o(-8)?
12
Suppose 3*m + 4*y = 41, 3*m + 0*y + 2*y = 31. Suppose -43 = -m*h + 69. What is the remainder when 27 is divided by h?
11
Suppose 5*m + 521 = w, 13*m = w + 11*m - 518. What is the remainder when w is divided by 14?
12
Let l(b) = 615*b + 38 + 3 - 616*b. Let o = 6 - -8. Calculate the remainder when l(0) is divided by o.
13
Let h(v) be the third derivative of -v**6/60 - v**5/5 - 11*v**4/24 - 7*v**3/3 - 30*v**2. What is the remainder when 257 is divided by h(-6)?
49
Let a = -262 - -337. What is the remainder when a is divided by 25?
0
Suppose l = -2*l + 36. What is the remainder when -5*18/60*-12 is divided by l?
6
Calculate the remainder when 262 is divided by 12 + -5 + -3 - -126.
2
Calculate the remainder when 164 is divided by (-77)/(-231) + 110/3.
16
Let i(z) = -12*z + 2*z + z**3 + 12*z**2 - 3*z + 7 + 0*z**3. Calculate the remainder when 12 is divided by i(-13).
5
Suppose -4*l - 32 + 208 = 0. Let c(x) = -2*x**3 + 2*x**2 - 4. Let k be c(2). What is the remainder when l is divided by 27/k + 2 - 49/(-4)?
8
Let r = 400 + -392. What is the remainder wh